{"id":2549,"date":"2019-03-10T14:17:28","date_gmt":"2019-03-10T13:17:28","guid":{"rendered":"https:\/\/brings-online.com\/demo\/wordpress-theme-office\/?page_id=2549"},"modified":"2023-03-10T14:23:37","modified_gmt":"2023-03-10T14:23:37","slug":"start-beispiel-4","status":"publish","type":"page","link":"https:\/\/aprophysio.de\/","title":{"rendered":"Startseite"},"content":{"rendered":"\n<section class=\"bo-block-cta-section alignwide \" style=\"background-image: url('https:\/\/aprophysio.de\/wp-content\/uploads\/2023\/03\/Startseite-1-scaled.jpg'); background-position:center; background-attachment:scroll; background-color:#ffffff;\">\n\t<div class=\"bo-block-cta-overlay animated fadeIn\" style=\"background-color: rgba(0, 0, 0, 0.40);\">\n<div class=\"bo-block-cta-container\" style=\"padding-top:18%; padding-bottom:12%;justify-content: flex-start\">\n<div class=\"bo-block-cta-wrapper animated fadeIn\" style=\"text-align:left\">\n\t\t\t\t\n                <h2 class=\"bo-block-cta-heading\" style=\"font-size: 50px; color:#f0f1f6\"><span class=\"bo-block-cta-heading-mobile\">Wir machen Sie wieder fit<\/span><\/h2>                <p class=\"bo-block-cta-text\" style=\"font-size:22px; color:#f0f1f6\">In unserer Praxis in der Berliner Friedrichstra\u00dfe sind wir mit Physiotherapeuten, Masseuren und EMS Trainern f\u00fcr Sie da.<\/p>\t\t\t\t\n                <div class=\"bo-block-cta-buttons\">\n\t\t\t\t\t\n<a class=\"bo-block-cta-button-1\" style=\"color:#606774 !important; background:#f0f1f6; border-color:#f0f1f6;\" href=\"#leistungen\" target=\"_self\">Unsere Leistungen<\/a><a class=\"bo-block-cta-button-2\" style=\"color:#f0f1f6 !important; border-color:#f0f1f6;\" href=\"#jobs\" target=\"_self\">Jobs<\/a>                <\/div>            <\/div>\n        <\/div>   \n    <\/div>\n<\/section>\n\n\n<p class=\"has-background\" style=\"background-color:#59af47\"><\/p>\n\n\n\n<div style=\"background-color:#29446e;padding-bottom:1%;padding-top:1%\" class=\"wp-block-genesis-blocks-gb-container gb-block-container aligncenter\"><div class=\"gb-container-inside\"><div class=\"gb-container-content\" style=\"max-width:1360px\">\n<div class=\"wp-block-columns alignwide are-vertically-aligned-center has-3-columns is-layout-flex wp-container-core-columns-is-layout-28f84493 wp-block-columns-is-layout-flex\">\n<div class=\"wp-block-column is-vertically-aligned-center is-layout-flow wp-block-column-is-layout-flow\"><a class=\"icon-button\" style=\"background:#29446E\"  ><div class=\"bic\"><i style=\"color:#F0F1F6\" class=\"icofont-phone-circle\"><\/i><\/div>\n<span class=\"icon-button-row1\" style=\"color:#F0F1F6\">Rufen Sie uns an<\/span><span class=\"icon-button-row2\" style=\"color:#F0F1F6\">030 20629631<\/span><\/a><\/div>\n\n\n\n<div class=\"wp-block-column is-vertically-aligned-center is-layout-flow wp-block-column-is-layout-flow\"><a class=\"icon-button\" style=\"background:#29446E\" href=\"https:\/\/goo.gl\/maps\/9q5exc2P1Gsn1XjB7\" target=\"_blank\"  ><div class=\"bic\"><i style=\"color:#F0F1F6\" class=\"icofont-search-map\"><\/i><\/div>\n<span class=\"icon-button-row1\" style=\"color:#F0F1F6\">Hier finden Sie uns<\/span><span class=\"icon-button-row2\" style=\"color:#F0F1F6\">Anfahrtsbeschreibung<\/span><\/a><\/div>\n\n\n\n<div class=\"wp-block-column is-vertically-aligned-center is-layout-flow wp-block-column-is-layout-flow\"><a class=\"icon-button\" style=\"background:#29446E\" href=\"#\" target=\"_self\"  ><div class=\"bic\"><i style=\"color:#F0F1F6\" class=\"icofont-wall-clock\"><\/i><\/div>\n<span class=\"icon-button-row1\" style=\"color:#F0F1F6\">Unsere \u00d6ffnungszeiten<\/span><span class=\"icon-button-row2\" style=\"color:#F0F1F6\">MO &#8211; FR: 08 bis 20 Uhr<\/span><\/a><\/div>\n<\/div>\n\n\n\n<p><\/p>\n<\/div><\/div><\/div>\n\n\n<a id=\"about\"><\/a>\n\n\n<div style=\"background-color:#f0f1f6;padding-bottom:1%;padding-top:1%\" class=\"wp-block-genesis-blocks-gb-container gb-block-container aligncenter\"><div class=\"gb-container-inside\"><div class=\"gb-container-content\" style=\"max-width:1360px\">\n<div class=\"slogan zentriert\">\n<h2 style=\"font-size:20px; color:#424A59;\">\n<span class=\"slogan-mobile\">Seit 2016 bieten wir Physiotherapie f\u00fcr Privatversicherte und Selbstzahler im Herzen von Berlin an. Da Vorsorge genauso wichtig ist wie die richtige Behandlung, runden wir unser Angebot mit EMS und Functional Training ab.<\/span><\/h2><span style=\"background:#59AF47\"><\/span><\/div>\n\t\n\t<\/div><\/div><\/div>\n\n\n\n<div style=\"height:35px\" aria-hidden=\"true\" class=\"wp-block-spacer\"><\/div>\n\n\n\n<h2 class=\"has-text-align-center wp-block-heading\" style=\"font-style:normal;font-weight:500;line-height:1.5;text-transform:uppercase\">Ihre AproPhysio Vorteile<\/h2>\n\n\n\n<div style=\"height:25px\" aria-hidden=\"true\" class=\"wp-block-spacer\"><\/div>\n\n\n\n<div class=\"wp-block-columns is-layout-flex wp-container-core-columns-is-layout-28f84493 wp-block-columns-is-layout-flex\">\n<div class=\"wp-block-column is-layout-flow wp-block-column-is-layout-flow\"><div class=\"boxcontent\" style=\"text-align:center\">\n<div class=\"box-icon\" style=\"color:#606774;\"><i class=\"icofont-calendar\" style=\"font-size:50px;\"><\/i><\/div>\n<h3>Schnelle &amp; Flexible Terminbuchung<\/h3>\n<p>Behandlungs- und Massagetermine erhalten Sie bei uns h\u00e4ufig kurzfristig. Rufen Sie uns an oder schreiben Sie uns eine Email.<\/p>\n\t<a class=\"more-link\" style=\"border:2px solid #59AF47; color:#59AF47;\" target=\"_self\" href=\"mailto: kontakt@aprophysio.de\"><span >Termin per Email vereinbaren<\/span><\/a><\/div><\/div>\n\n\n\n<div class=\"wp-block-column is-layout-flow wp-block-column-is-layout-flow\"><div class=\"boxcontent\" style=\"text-align:center\">\n<div class=\"box-icon\" style=\"color:#606774;\"><i class=\"icofont-users\" style=\"font-size:50px;\"><\/i><\/div>\n<h3>Motiviertes &amp; positives Team<\/h3>\n<p>Unsere Leidenschaft ist es, Sie schnell wieder fit zu machen. Egal, ob behandelnd, pr\u00e4ventiv beim Fitnesstraining oder f\u00fcr die mentale Entspannung bei einer Massage.<\/p>\n\t<\/div><\/div>\n\n\n\n<div class=\"wp-block-column is-layout-flow wp-block-column-is-layout-flow\"><div class=\"boxcontent\" style=\"text-align:center\">\n<div class=\"box-icon\" style=\"color:#606774;\"><i class=\"icofont-heart\" style=\"font-size:50px;\"><\/i><\/div>\n<h3>Sch\u00f6nes &amp; Angenehmes Ambiente<\/h3>\n<p>Vergessen Sie den Stress im B\u00fcro und den L\u00e4rm der Gro\u00dfstadt. Wir bieten eine sch\u00f6ne Atmosph\u00e4re und angenehme Musik bei gleichzeitig zentraler Lage. <\/p>\n\t<\/div>\n\n<a id=\"leistungen\"><\/a><\/div>\n<\/div>\n\n\n\n<div style=\"height:25px\" aria-hidden=\"true\" class=\"wp-block-spacer\"><\/div>\n\n\n\n<div class=\"wp-block-media-text alignwide is-stacked-on-mobile has-lightgrey-background-color has-background\"><figure class=\"wp-block-media-text__media\"><img loading=\"lazy\" decoding=\"async\" width=\"1024\" height=\"684\" src=\"https:\/\/aprophysio.de\/wp-content\/uploads\/2023\/03\/aprophysio-start-1024x684.jpg\" alt=\"AproPhysio Leistungen\" class=\"wp-image-4312 size-full\" srcset=\"https:\/\/aprophysio.de\/wp-content\/uploads\/2023\/03\/aprophysio-start-1024x684.jpg 1024w, https:\/\/aprophysio.de\/wp-content\/uploads\/2023\/03\/aprophysio-start-300x200.jpg 300w, https:\/\/aprophysio.de\/wp-content\/uploads\/2023\/03\/aprophysio-start-768x513.jpg 768w, https:\/\/aprophysio.de\/wp-content\/uploads\/2023\/03\/aprophysio-start-1536x1026.jpg 1536w, https:\/\/aprophysio.de\/wp-content\/uploads\/2023\/03\/aprophysio-start-2048x1367.jpg 2048w, https:\/\/aprophysio.de\/wp-content\/uploads\/2023\/03\/aprophysio-start-400x266.jpg 400w, https:\/\/aprophysio.de\/wp-content\/uploads\/2023\/03\/aprophysio-start-305x204.jpg 305w, https:\/\/aprophysio.de\/wp-content\/uploads\/2023\/03\/aprophysio-start-430x287.jpg 430w, https:\/\/aprophysio.de\/wp-content\/uploads\/2023\/03\/aprophysio-start-425x283.jpg 425w, https:\/\/aprophysio.de\/wp-content\/uploads\/2023\/03\/aprophysio-start-600x400.jpg 600w, https:\/\/aprophysio.de\/wp-content\/uploads\/2023\/03\/aprophysio-start-1320x881.jpg 1320w\" sizes=\"auto, (max-width: 1024px) 100vw, 1024px\" \/><\/figure><div class=\"wp-block-media-text__content\">\n<div style=\"height:25px\" aria-hidden=\"true\" class=\"wp-block-spacer\"><\/div>\n\n\n\n<h2 class=\"wp-block-heading\" style=\"text-transform:uppercase\">Unsere Leistungen<\/h2>\n\n\n\n<p style=\"font-size:17px\">durch unsere gut geschulten Therapeuten und Trainer:<\/p>\n\n\n\n<ul class=\"wp-block-list\">\n<li>Manuelle Therapie<\/li>\n\n\n\n<li>Physiotherapie<\/li>\n\n\n\n<li>Krankengymnastik<\/li>\n\n\n\n<li>Manuelle Lymphdrainage<\/li>\n\n\n\n<li>Massage<\/li>\n\n\n\n<li>Fango \/ Moorpackungen<\/li>\n\n\n\n<li>EMS Training<\/li>\n<\/ul>\n\n\n\n<div style=\"height:25px\" aria-hidden=\"true\" class=\"wp-block-spacer\"><\/div>\n<\/div><\/div>\n\n\n\n<div style=\"height:20px\" aria-hidden=\"true\" class=\"wp-block-spacer\"><\/div>\n\n\n<a id=\"\u00fcberuns\"><\/a>\n\n\n<div style=\"height:25px\" aria-hidden=\"true\" class=\"wp-block-spacer\"><\/div>\n\n\n\n<div class=\"wp-block-media-text alignwide has-media-on-the-right is-stacked-on-mobile has-lightgrey-background-color has-background\"><div class=\"wp-block-media-text__content\">\n<h2 class=\"wp-block-heading\" style=\"font-style:normal;font-weight:500;text-transform:uppercase\">\u00dcber Uns<\/h2>\n\n\n\n<pre id=\"block-7cf222e6-4659-4a53-96f0-65e5a9de6037\" class=\"wp-block-preformatted has-small-font-size\" style=\"line-height:1.5\">Angefangen haben wir 2012 als reines EMS-Studio. Wir waren \u00fcberrascht, wie viele unserer Mitglieder \u00fcber R\u00fcckenprobleme klagten, weshalb wir uns 2016 entschlossen haben, auch Physiotherapeutische Leistungen mit aufzunehmen. So k\u00f6nnen wir unseren Kunden nicht nur pr\u00e4ventiv, sondern auch bei akuten Problemen zur Seite stehen.\n\nF\u00fcr alle unsere Leistungen gilt: \nEine pers\u00f6nliche sowie professionelle Betreuung unserer Kunden liegen uns sehr am Herzen. <\/pre>\n\n\n\n<div style=\"height:25px\" aria-hidden=\"true\" class=\"wp-block-spacer\"><\/div>\n<\/div><figure class=\"wp-block-media-text__media\"><img loading=\"lazy\" decoding=\"async\" width=\"1024\" height=\"683\" src=\"https:\/\/aprophysio.de\/wp-content\/uploads\/2023\/03\/iStock-827348856-Kopie-2-1024x683.jpg\" alt=\"\u00dcber uns\" class=\"wp-image-4333 size-full\" srcset=\"https:\/\/aprophysio.de\/wp-content\/uploads\/2023\/03\/iStock-827348856-Kopie-2-1024x683.jpg 1024w, https:\/\/aprophysio.de\/wp-content\/uploads\/2023\/03\/iStock-827348856-Kopie-2-300x200.jpg 300w, https:\/\/aprophysio.de\/wp-content\/uploads\/2023\/03\/iStock-827348856-Kopie-2-768x512.jpg 768w, https:\/\/aprophysio.de\/wp-content\/uploads\/2023\/03\/iStock-827348856-Kopie-2-1536x1024.jpg 1536w, https:\/\/aprophysio.de\/wp-content\/uploads\/2023\/03\/iStock-827348856-Kopie-2-2048x1365.jpg 2048w, https:\/\/aprophysio.de\/wp-content\/uploads\/2023\/03\/iStock-827348856-Kopie-2-400x266.jpg 400w, https:\/\/aprophysio.de\/wp-content\/uploads\/2023\/03\/iStock-827348856-Kopie-2-305x203.jpg 305w, https:\/\/aprophysio.de\/wp-content\/uploads\/2023\/03\/iStock-827348856-Kopie-2-430x287.jpg 430w, https:\/\/aprophysio.de\/wp-content\/uploads\/2023\/03\/iStock-827348856-Kopie-2-425x283.jpg 425w, https:\/\/aprophysio.de\/wp-content\/uploads\/2023\/03\/iStock-827348856-Kopie-2-600x400.jpg 600w, https:\/\/aprophysio.de\/wp-content\/uploads\/2023\/03\/iStock-827348856-Kopie-2-1320x880.jpg 1320w\" sizes=\"auto, (max-width: 1024px) 100vw, 1024px\" \/><\/figure><\/div>\n\n\n\n<div style=\"height:25px\" aria-hidden=\"true\" class=\"wp-block-spacer\"><\/div>\n\n\n<a id=\"jobs\"><\/a>\n\n\n<div style=\"height:25px\" aria-hidden=\"true\" class=\"wp-block-spacer\"><\/div>\n\n\n\n<div class=\"wp-block-columns has-lightgrey-background-color has-background is-layout-flex wp-container-core-columns-is-layout-28f84493 wp-block-columns-is-layout-flex\">\n<div class=\"wp-block-column is-layout-flow wp-block-column-is-layout-flow\">\n<div style=\"height:35px\" aria-hidden=\"true\" class=\"wp-block-spacer\"><\/div>\n\n\n\n<h2 style=\"text-align: center;\">JOBS<\/h2>\n<p style=\"text-align: center;\">Starte durch bei AproPhysio! Wir suchen nach Verst\u00e4rkung f\u00fcr unser Team. Erfahre mehr \u00fcber unsere Stellen und ob wir zu dir passen.\u00a0<\/p>\n<\/div>\n\n\n\n<div class=\"wp-block-column is-layout-flow wp-block-column-is-layout-flow\">\n<div style=\"height:25px\" aria-hidden=\"true\" class=\"wp-block-spacer\"><\/div>\n\n\n<div class=\"boxcontent\" style=\"text-align:center\">\n<div class=\"box-icon\" style=\"color:#606774;\"><i class=\"icofont-hand-drag1\" style=\"font-size:50px;\"><\/i><\/div>\n<h3>Physiotherapeut\/in<\/h3>\n<p>Du bist Physiotherapeut\/in und auf der Suche nach einem sicheren und entspannten neuen Arbeitsplatz? Finde heraus, ob Du gl\u00fccklich bei uns wirst.<\/p>\n\t<a class=\"more-link\" style=\"border:2px solid #59AF47; color:#59AF47;\" target=\"_self\" href=\"https:\/\/4dgcm03vter.typeform.com\/to\/MrJY0cY7\"><span >Hier mehr erfahren<\/span><\/a><\/div><\/div>\n\n\n\n<div class=\"wp-block-column is-layout-flow wp-block-column-is-layout-flow\">\n<div style=\"height:25px\" aria-hidden=\"true\" class=\"wp-block-spacer\"><\/div>\n\n\n<div class=\"boxcontent\" style=\"text-align:center\">\n<div class=\"box-icon\" style=\"color:#606774;\"><i class=\"icofont-unity-hand\" style=\"font-size:50px;\"><\/i><\/div>\n<h3>Masseur\/in<\/h3>\n<p>Du liebst es Patienten und Kunden zu verw\u00f6hnen und von ihren Verspannungen zu befreien? Mit einem Klick erf\u00e4hrst Du mehr \u00fcber unsere Stelle.<\/p>\n\t<a class=\"more-link\" style=\"border:2px solid #59AF47; color:#59AF47;\" target=\"_self\" href=\"https:\/\/4dgcm03vter.typeform.com\/to\/tppXVNL5\"><span >Hier mehr erfahren<\/span><\/a><\/div>\n\n\n<div style=\"height:25px\" aria-hidden=\"true\" class=\"wp-block-spacer\"><\/div>\n<\/div>\n<\/div>\n\n\n\n<div style=\"height:35px\" aria-hidden=\"true\" class=\"wp-block-spacer\"><\/div>\n\n\n<a id=\"kontakt\"><\/a>\n\n\n<div style=\"height:67px\" aria-hidden=\"true\" class=\"wp-block-spacer\"><\/div>\n","protected":false},"excerpt":{"rendered":"<p>Ihre AproPhysio Vorteile JOBS Starte durch bei AproPhysio! Wir suchen nach Verst\u00e4rkung f\u00fcr unser Team. Erfahre mehr \u00fcber unsere Stellen und ob wir zu dir passen.\u00a0<\/p>\n","protected":false},"author":1,"featured_media":0,"parent":0,"menu_order":25,"comment_status":"closed","ping_status":"closed","template":"homepage.php","meta":{"footnotes":""},"class_list":["post-2549","page","type-page","status-publish","hentry"],"featured_image_src":null,"featured_image_src_square":null,"_links":{"self":[{"href":"https:\/\/aprophysio.de\/index.php\/wp-json\/wp\/v2\/pages\/2549","targetHints":{"allow":["GET"]}}],"collection":[{"href":"https:\/\/aprophysio.de\/index.php\/wp-json\/wp\/v2\/pages"}],"about":[{"href":"https:\/\/aprophysio.de\/index.php\/wp-json\/wp\/v2\/types\/page"}],"author":[{"embeddable":true,"href":"https:\/\/aprophysio.de\/index.php\/wp-json\/wp\/v2\/users\/1"}],"replies":[{"embeddable":true,"href":"https:\/\/aprophysio.de\/index.php\/wp-json\/wp\/v2\/comments?post=2549"}],"version-history":[{"count":102,"href":"https:\/\/aprophysio.de\/index.php\/wp-json\/wp\/v2\/pages\/2549\/revisions"}],"predecessor-version":[{"id":4448,"href":"https:\/\/aprophysio.de\/index.php\/wp-json\/wp\/v2\/pages\/2549\/revisions\/4448"}],"wp:attachment":[{"href":"https:\/\/aprophysio.de\/index.php\/wp-json\/wp\/v2\/media?parent=2549"}],"curies":[{"name":"wp","href":"https:\/\/api.w.org\/{rel}","templated":true}]}}