{"id":4373,"date":"2023-03-08T13:37:22","date_gmt":"2023-03-08T13:37:22","guid":{"rendered":"https:\/\/neu.aprophysio.de\/?page_id=4373"},"modified":"2023-03-08T13:37:23","modified_gmt":"2023-03-08T13:37:23","slug":"hinweise-datenschutz","status":"publish","type":"page","link":"https:\/\/aprophysio.de\/index.php\/hinweise-datenschutz\/","title":{"rendered":"Hinweise Datenschutz"},"content":{"rendered":"\n<ol class=\"wp-block-list\">\n<li><strong>Name und Kontaktdaten des f\u00fcr die Verarbeitung Verantwortlichen&nbsp;<\/strong><\/li>\n<\/ol>\n\n\n\n<p>Diese Datenschutzhinweise gelten f\u00fcr die Datenverarbeitung durch (verantwortliche Stelle):<\/p>\n\n\n\n<p>AproSports GmbH<br>Bayreuther Str. 8<br>10787 Berlin<br>Deutschland<\/p>\n\n\n\n<p>Tel.: 03020629630<br>E-Mail: kontakt@aprosports.de<br>Website: aprosports.de<\/p>\n\n\n\n<h4 class=\"wp-block-heading\">NAME UND ANSCHRIFT DES DATENSCHUTZBEAUFTRAGTEN<\/h4>\n\n\n\n<p>Der Datenschutzbeauftragte des f\u00fcr die Verarbeitung Verantwortlichen ist:<\/p>\n\n\n\n<p>Datenschutzbeauftragter der AproSports GmbH<br>Bayreuther Str. 8<br>10787 Berlin<br>Deutschland<\/p>\n\n\n\n<p>Tel.: 03020629630<br>E-Mail: datenschutz@aprosports.de<br>Website: aprosports.de<\/p>\n\n\n\n<ol class=\"wp-block-list\" start=\"2\">\n<li><strong>Erhebung und Speicherung personenbezogener Daten sowie Art und Zweck und deren Verwendung<\/strong><\/li>\n<\/ol>\n\n\n\n<p>Wenn Sie uns beauftragen, erheben wir folgende Informationen:<\/p>\n\n\n\n<ul class=\"wp-block-list\">\n<li>Anrede, Vorname, Nachname,<\/li>\n\n\n\n<li>eine g\u00fcltige E-Mail-Adresse,<\/li>\n\n\n\n<li>Anschrift,<\/li>\n\n\n\n<li>Geburtsdatum<\/li>\n\n\n\n<li>Telefonnummer (Festnetz und\/oder Mobilfunk)<\/li>\n\n\n\n<li>Informationen, die f\u00fcr die Erf\u00fcllung unseres Vertrages mit Ihnen im Rahmen unserer Beauftragung notwendig sind<\/li>\n<\/ul>\n\n\n\n<p>Die Erhebung dieser Daten erfolgt,<\/p>\n\n\n\n<ul class=\"wp-block-list\">\n<li>um Sie als unseren Kunden identifizieren zu k\u00f6nnen;<\/li>\n\n\n\n<li>um Sie angemessen beraten und betreuen zu k\u00f6nnen;<\/li>\n\n\n\n<li>zur Korrespondenz mit Ihnen;<\/li>\n\n\n\n<li>zur Rechnungsstellung;<\/li>\n\n\n\n<li>zur Abwicklung von evtl. vorliegenden Haftungsanspr\u00fcchen sowie der Geltendmachung etwaiger Anspr\u00fcche gegen Sie;<\/li>\n<\/ul>\n\n\n\n<p>Die Datenverarbeitung erfolgt auf Ihre Anfrage hin und ist nach Art. 6 Abs. 1 S. 1 lit. b DSGVO zu den genannten Zwecken f\u00fcr die angemessene Bearbeitung unseres Auftrages und f\u00fcr die beidseitige Erf\u00fcllung von Verpflichtungen aus dem Vertragsverh\u00e4ltnis erforderlich.<\/p>\n\n\n\n<p>Die f\u00fcr die Beauftragung von uns erhobenen personenbezogenen Daten werden bis zum Ablauf der gesetzlichen Aufbewahrungspflicht gespeichert und danach gel\u00f6scht, es sei denn, dass wir nach Artikel 6 Abs. 1 S. 1 lit. c DSGVO aufgrund von steuer- und handelsrechtlichen Aufbewahrungs- und Dokumentationspflichten (aus HGB, StGB oder AO) zu einer l\u00e4ngeren Speicherung verpflichtet sind oder Sie in eine dar\u00fcber hinausgehende Speicherung nach Art. 6 Abs. 1 S. 1 lit. a DSGVO eingewilligt haben.<\/p>\n\n\n\n<ol class=\"wp-block-list\" start=\"3\">\n<li><strong>Weitergabe von Daten an Dritte<\/strong><\/li>\n<\/ol>\n\n\n\n<p>Eine \u00dcbermittlung Ihrer pers\u00f6nlichen Daten an Dritte zu anderen als den im Folgenden aufgef\u00fchrten Zwecken findet nicht statt.<\/p>\n\n\n\n<p>Soweit dies nach Art. 6 Abs. 1 S. 1 lit. b DSGVO f\u00fcr die Abwicklung von Auftragsverh\u00e4ltnissen mit Ihnen erforderlich ist, werden Ihre personenbezogenen Daten an Dritte weitergegeben. Hierzu geh\u00f6rt insbesondere die Weitergabe an m\u00f6gliche Vertragspartner und deren Vertreter sowie \u00c4rzte, Versicherungen und andere \u00f6ffentliche Stellen und Beh\u00f6rden zum Zwecke der Korrespondenz, der Werbung und Information sowie zur Erf\u00fcllung und Abwicklung von Personal Training Vertr\u00e4gen. Die weitergegebenen Daten d\u00fcrfen von dem Dritten ausschlie\u00dflich zu den genannten Zwecken verwendet werden.<\/p>\n\n\n\n<ol class=\"wp-block-list\" start=\"4\">\n<li><strong>Betroffenenrechte<\/strong><\/li>\n<\/ol>\n\n\n\n<p>Sie haben das Recht:<\/p>\n\n\n\n<ul class=\"wp-block-list\">\n<li>gem\u00e4\u00df Art. 7 Abs. 3 DSGVO Ihre einmal erteilte Einwilligung jederzeit gegen\u00fcber uns zu widerrufen. Dies hat zur Folge, dass wir die Datenverarbeitung, die auf dieser Einwilligung beruhte, f\u00fcr die Zukunft nicht mehr fortf\u00fchren d\u00fcrfen;<\/li>\n\n\n\n<li>gem\u00e4\u00df Art. 15 DSGVO Auskunft \u00fcber Ihre von uns verarbeiteten personenbezogenen Daten zu verlangen. Insbesondere k\u00f6nnen Sie Auskunft \u00fcber die Verarbeitungszwecke, die Kategorie der personenbezogenen Daten, die Kategorien von Empf\u00e4ngern, gegen\u00fcber denen Ihre Daten offengelegt wurden oder werden, die geplante Speicherdauer, das Bestehen eines Rechts auf Berichtigung, L\u00f6schung, Einschr\u00e4nkung der Verarbeitung oder Widerspruch, das Bestehen eines Beschwerderechts, die Herkunft ihrer Daten, sofern diese nicht bei uns erhoben wurden, sowie \u00fcber das Bestehen einer automatisierten Entscheidungsfindung einschlie\u00dflich Profiling und ggf. aussagekr\u00e4ftigen Informationen zu deren Einzelheiten verlangen;<\/li>\n\n\n\n<li>gem\u00e4\u00df Art. 16 DSGVO unverz\u00fcglich die Berichtigung unrichtiger oder Vervollst\u00e4ndigung Ihrer bei uns gespeicherten personenbezogenen Daten zu verlangen;<\/li>\n\n\n\n<li>gem\u00e4\u00df Art. 17 DSGVO die L\u00f6schung Ihrer bei uns gespeicherten personenbezogenen Daten zu verlangen, soweit nicht die Verarbeitung zur Aus\u00fcbung des Rechts auf freie Meinungs\u00e4u\u00dferung und Information, zur Erf\u00fcllung einer rechtlichen Verpflichtung, aus Gr\u00fcnden des \u00f6ffentlichen Interesses oder zur Geltendmachung, Aus\u00fcbung oder Verteidigung von Rechtsanspr\u00fcchen erforderlich ist;<\/li>\n\n\n\n<li>gem\u00e4\u00df Art. 18 DSGVO die Einschr\u00e4nkung der Verarbeitung Ihrer personenbezogenen Daten zu verlangen, soweit die Richtigkeit der Daten von Ihnen bestritten wird, die Verarbeitung unrechtm\u00e4\u00dfig ist, Sie aber deren L\u00f6schung ablehnen und wir die Daten nicht mehr ben\u00f6tigen, Sie jedoch diese zur Geltendmachung, Aus\u00fcbung oder Verteidigung von Rechtsanspr\u00fcchen ben\u00f6tigen oder Sie gem\u00e4\u00df Art. 21 DSGVO Widerspruch gegen die Verarbeitung eingelegt haben;<\/li>\n\n\n\n<li>gem\u00e4\u00df Art. 20 DSGVO Ihre personenbezogenen Daten, die Sie uns bereitgestellt haben, in einem strukturierten, g\u00e4ngigen und maschinenlesebaren Format zu erhalten oder die \u00dcbermittlung an einen anderen Verantwortlichen zu verlangen und gem\u00e4\u00df Art. 77 DSGVO sich bei einer Aufsichtsbeh\u00f6rde zu beschweren. In der Regel k\u00f6nnen Sie sich hierf\u00fcr an die Aufsichtsbeh\u00f6rde Ihres \u00fcblichen Aufenthaltsortes oder Arbeitsplatzes oder unseres Firmensitzes wenden.<\/li>\n<\/ul>\n\n\n\n<ol class=\"wp-block-list\" start=\"5\">\n<li><strong>Widerspruchsrecht<\/strong><\/li>\n<\/ol>\n\n\n\n<p>Sofern Ihre personenbezogenen Daten auf Grundlage von berechtigten Interessen gem\u00e4\u00df Art. 6 Abs. 1 S. 1 lit. f DSGVO verarbeitet werden, haben Sie das Recht, gem\u00e4\u00df Art. 21 DSGVO Widerspruch gegen die Verarbeitung Ihrer personenbezogenen Daten einzulegen, soweit daf\u00fcr Gr\u00fcnde vorliegen, die sich aus Ihrer besonderen Situation ergeben.<\/p>\n\n\n\n<p>M\u00f6chten Sie von Ihrem Widerspruchsrecht Gebrauch machen, gen\u00fcgt eine E-Mail an&nbsp;<a href=\"mailto:datenschutz@aprosports.de\">datenschutz@aprosports.de<\/a>.<\/p>\n\n\n\n<ol class=\"wp-block-list\" start=\"6\">\n<li><strong>\u00dcbersicht der Dienstleister der AproSports GmbH<\/strong><\/li>\n<\/ol>\n\n\n\n<p>Die Liste der Dienstleister gibt Ihnen einen Einblick, mit welchen Dienstleisern wir zusammenarbeiten. Ihre personenbezogenen Daten warden selbstverst\u00e4ndlich nur im Einzelfall und bei Bedarf unter Beachtung der gesetzlichen Anforderungen an einzelne Dienstleiser \u00fcbermittelt.<\/p>\n\n\n\n<figure class=\"wp-block-table\"><table><tbody><tr><td><strong>Auftraggebende Gesellschaft<\/strong><\/td><td><strong>Dienstleister<\/strong><\/td><td><strong>Gegenstand\/Zweck der Beauftragung<\/strong><\/td><\/tr><tr><td>AproSports GmbH<\/td><td>Kling Steuerberatung<\/td><td>Finanzbuchhaltung, Personal<\/td><\/tr><tr><td>AproSports GmbH<\/td><td>Magicline<\/td><td>Terminverwaltung, Vertragsverwaltung, Beitragsmanagement<\/td><\/tr><tr><td>AproSports GmbH<\/td><td>Treatwell<\/td><td>Online Terminvereinbarung f\u00fcr Physiotherapie und Massagen<\/td><\/tr><tr><td>AproSports GmbH<\/td><td>Strato<\/td><td>Webhosting, Emailmanagement<\/td><\/tr><\/tbody><\/table><\/figure>\n","protected":false},"excerpt":{"rendered":"<p>Diese Datenschutzhinweise gelten f\u00fcr die Datenverarbeitung durch (verantwortliche Stelle): AproSports GmbHBayreuther Str. 810787 BerlinDeutschland Tel.: 03020629630E-Mail: kontakt@aprosports.deWebsite: aprosports.de NAME UND ANSCHRIFT DES DATENSCHUTZBEAUFTRAGTEN Der Datenschutzbeauftragte des [&#8230;] <\/p>\n","protected":false},"author":1,"featured_media":0,"parent":0,"menu_order":0,"comment_status":"closed","ping_status":"closed","template":"","meta":{"footnotes":""},"class_list":["post-4373","page","type-page","status-publish","hentry"],"featured_image_src":null,"featured_image_src_square":null,"_links":{"self":[{"href":"https:\/\/aprophysio.de\/index.php\/wp-json\/wp\/v2\/pages\/4373","targetHints":{"allow":["GET"]}}],"collection":[{"href":"https:\/\/aprophysio.de\/index.php\/wp-json\/wp\/v2\/pages"}],"about":[{"href":"https:\/\/aprophysio.de\/index.php\/wp-json\/wp\/v2\/types\/page"}],"author":[{"embeddable":true,"href":"https:\/\/aprophysio.de\/index.php\/wp-json\/wp\/v2\/users\/1"}],"replies":[{"embeddable":true,"href":"https:\/\/aprophysio.de\/index.php\/wp-json\/wp\/v2\/comments?post=4373"}],"version-history":[{"count":1,"href":"https:\/\/aprophysio.de\/index.php\/wp-json\/wp\/v2\/pages\/4373\/revisions"}],"predecessor-version":[{"id":4374,"href":"https:\/\/aprophysio.de\/index.php\/wp-json\/wp\/v2\/pages\/4373\/revisions\/4374"}],"wp:attachment":[{"href":"https:\/\/aprophysio.de\/index.php\/wp-json\/wp\/v2\/media?parent=4373"}],"curies":[{"name":"wp","href":"https:\/\/api.w.org\/{rel}","templated":true}]}}